832
Calculate the highest common factor of 38 and 159582.
2
Calculate the greatest common divisor of 67317124 and 47936.
2996
Calculate the greatest common divisor of 11896 and 2024764628.
5948
Calculate the highest common factor of 2955015 and 3780.
945
Calculate the greatest common divisor of 99816 and 497520.
24
What is the highest common divisor of 24043320 and 3920?
1960
What is the highest common factor of 58450 and 2915150?
350
What is the highest common divisor of 17143 and 306187?
217
Calculate the greatest common factor of 8432 and 26169952.
496
What is the highest common factor of 75667719 and 3?
3
Calculate the highest common divisor of 2592 and 361962.
54
What is the greatest common factor of 179192 and 2517112?
104
Calculate the greatest common factor of 168756 and 8046780.
4116
Calculate the highest common factor of 166437790 and 10.
10
What is the greatest common divisor of 45191811 and 7?
7
Calculate the highest common divisor of 6125 and 9260125.
875
Calculate the highest common factor of 149205 and 352408.
1421
What is the greatest common divisor of 451 and 17758576?
451
What is the highest common factor of 117 and 177796512?
9
Calculate the greatest common factor of 6966984 and 2996.
428
What is the highest common factor of 53108748 and 308?
308
Calculate the highest common factor of 43740 and 29595.
15
Calculate the greatest common factor of 995873028 and 8.
4
What is the greatest common divisor of 17675866 and 416?
26
Calculate the highest common factor of 10824 and 190740.
132
What is the highest common factor of 848 and 52381543?
53
What is the greatest common factor of 699192 and 28184?
104
Calculate the highest common divisor of 622 and 248365533.
311
What is the highest common factor of 1486733 and 1?
1
Calculate the greatest common divisor of 22399 and 4784771.
1723
What is the greatest common divisor of 65824202 and 4?
2
What is the highest common factor of 595045031 and 1302?
217
Calculate the highest common divisor of 39251520 and 680.
40
What is the highest common divisor of 79167374 and 398?
398
What is the highest common factor of 30976 and 18688?
256
Calculate the greatest common factor of 1055 and 5156.
1
What is the highest common divisor of 1714314 and 1938?
102
What is the greatest common factor of 43064580 and 11830?
1690
Calculate the highest common factor of 8820960 and 96.
96
What is the highest common divisor of 484 and 4216773?
11
What is the greatest common divisor of 286944840 and 21?
21
What is the greatest common divisor of 630893124 and 11992?
5996
What is the highest common factor of 135 and 9860265?
135
Calculate the greatest common divisor of 464535 and 74865.
465
What is the highest common divisor of 9245338 and 37110?
2474
What is the highest common divisor of 33971 and 3578771?
1477
Calculate the greatest common divisor of 10 and 4315430.
10
Calculate the greatest common factor of 2052020 and 8460.
940
Calculate the greatest common factor of 138736 and 6467968.
4784
What is the highest common divisor of 290 and 172180?
10
Calculate the highest common divisor of 1846 and 953472.
26
What is the greatest common factor of 58941442 and 42?
14
What is the highest common factor of 62905153 and 38141?
887
What is the highest common factor of 147641 and 974857?
533
What is the highest common divisor of 14508820 and 136?
68
Calculate the highest common divisor of 68 and 616128.
4
What is the greatest common factor of 32235684 and 804?
12
Calculate the greatest common factor of 62540 and 12334160.
1060
What is the highest common factor of 363011712 and 5376?
2688
What is the greatest common factor of 25463 and 839?
1
Calculate the highest common factor of 25046622 and 675.
9
Calculate the highest common divisor of 2352 and 3069570.
42
Calculate the highest common factor of 113733789 and 130.
13
What is the highest common factor of 6380882 and 23426?
1802
Calculate the greatest common divisor of 4855910 and 100.
10
What is the greatest common divisor of 99 and 8201611?
11
Calculate the highest common factor of 6200 and 22631240.
1240
Calculate the highest common divisor of 2650 and 173392350.
50
What is the greatest common divisor of 1040724 and 5916?
12
What is the greatest common factor of 27507530 and 9911?
901
What is the greatest common factor of 5412 and 2789640?
492
Calculate the highest common factor of 560846 and 189514.
962
What is the greatest common factor of 754 and 952978?
26
Calculate the greatest common factor of 42 and 84647262.
42
What is the highest common divisor of 8475 and 1458943?
113
Calculate the highest common divisor of 54 and 19159281.
27
Calculate the highest common factor of 1117 and 37724441.
1117
Calculate the highest common factor of 82 and 2388332.
82
What is the greatest common factor of 38556 and 154564?
68
What is the greatest common divisor of 11506565 and 3010?
35
What is the highest common factor of 17969510 and 4277?
611
What is the greatest common divisor of 14757428 and 101626?
1666
What is the highest common divisor of 2 and 193777306?
2
Calculate the highest common factor of 4518 and 203741469.
2259
Calculate the highest common divisor of 291039 and 1554.
21
What is the highest common divisor of 200 and 922280?
40
Calculate the highest common divisor of 487329 and 2318.
61
Calculate the highest common factor of 713234 and 3632.
454
What is the greatest common divisor of 2731178 and 241339?
1499
What is the highest common factor of 166702 and 4299931?
4903
What is the highest common factor of 159208 and 4676?
28
Calculate the greatest common divisor of 25636 and 11065028.
884
What is the highest common divisor of 9954 and 89334?
126
What is the greatest common factor of 6864298 and 460362?
1582
Calculate the greatest common divisor of 846 and 389682.
18
What is the highest common factor of 1004038944 and 32?
32
What is the greatest common divisor of 1268 and 9708442?
634
What is the highest common divisor of 480 and 673485?
15
Calculate the greatest common divisor of 8554028 and 2793.
931
What is the greatest common factor of 10190144 and 2?
2
What is the greatest common factor of 1575 and 6314625?
225
Calculate the greatest common factor of 3589296 and 1692.
564
What is the greatest common divisor of 24737020 and 84?
28
Calculate the highest common divisor of 126109 and 473593.
23
What is the highest common factor of 1180604 and 36?
4
What is the highest common divisor of 12261 and 216123?
183
What is the greatest common factor of 2941 and 2377366?
173
Calculate the highest common divisor of 16407 and 322222542.
5469
What is the greatest common factor of 198 and 26229402?
18
What is the highest common divisor of 6026 and 14412858?
46
Calculate the greatest common divisor of 194322 and 119401.
139
What is the highest common factor of 429088 and 92432?
848
What is the highest common divisor of 5822 and 133578?
82
Calculate the greatest common divisor of 25327 and 5605.
19
What is the greatest common divisor of 1843941 and 157762?
781
Calculate the greatest common factor of 246 and 3435144.
246
What is the highest common factor of 160 and 6113570?
10
Calculate the greatest common factor of 30880 and 249440.
160
Calculate the greatest common factor of 6041 and 516937.
863
What is the highest common divisor of 1431 and 1780677?
27
What is the highest common divisor of 246844533 and 1495?
299
Calculate the greatest common divisor of 4599 and 711823.
511
Calculate the highest common divisor of 200 and 276905.
5
Calculate the highest common factor of 258 and 41248902.
6
What is the greatest common divisor of 1763 and 3629243?
43
What is the highest common divisor of 6786402 and 1025?
41
Calculate the greatest common factor of 2426 and 1313767549.
1213
Calculate the highest common divisor of 519 and 50742976.
173
What is the greatest common factor of 1211107 and 8340?
139
What is the highest common divisor of 3201239 and 1312?
41
What is the greatest common factor of 105 and 40595205?
105
What is the greatest common divisor of 84521047 and 3783?
1261
Calculate the greatest common divisor of 1655550 and 1675.
25
What is the greatest common divisor of 52 and 268672?
4
Calculate the greatest common factor of 377 and 75476154.
377
What is the highest common factor